2*p**2. Let z = 121 - 125. Determine w(z).
0
Let h(c) = -c**3 + c**2 + c - 1. Let y(f) = f**3 + 4*f**2 - f + 1. Let m be y(-4). Suppose m*l = l. Give h(l).
-1
Suppose -4*a = 8 + 12. Let q(b) = -5*b + 3. Let g(x) = 14*x - 9. Let w(f) = 6*g(f) + 17*q(f). What is w(a)?
2
Let s(u) be the third derivative of u**5/60 + u**4/24 - 7*u**3/6 + 10*u**2. What is s(0)?
-7
Let a = 11 + -9. Suppose 2*g - 2 = 0, -a*d + 3*g = -7*d + 23. Let m(t) = t**3 - 5*t**2 + 3*t + 3. Calculate m(d).
-1
Suppose -4*d - 4*f = -4, 3*d - 5*f + 6*f - 13 = 0. Let m(r) = -r + 7. Determine m(d).
1
Let p(m) be the second derivative of m**3/2 + 8*m. Calculate p(1).
3
Let o(w) = 1 + 4 + 3 - 2 - 2*w. Determine o(5).
-4
Suppose -2*y + 7 = 3. Let n be y/6 + 4/(-3). Let l(f) = 16*f - 9. Let v(p) = -8*p + 5. Let m(u) = -6*l(u) - 11*v(u). What is m(n)?
7
Let u(b) = 11*b**2 - 6*b - 5. Let y(s) = 4*s**2 - 2*s - 2. Let n(a) = -3*u(a) + 8*y(a). Let k be 4/(-6)*(-9)/2. Suppose v + k*v + 8 = 0. Give n(v).
-9
Suppose -3*j - j = -20. Let c(w) = 7*w - 12. Let y(q) = 15*q - 25. Let g(b) = 13*c(b) - 6*y(b). Let p be g(j). Let m(s) = 5*s**3 - s**2 + s + 1. Calculate m(p).
-6
Let g(k) = -1 + 4*k - k + k + 2. Let r(a) = -3 - 4*a - a + 1. Let x(m) = 6*g(m) + 5*r(m). Give x(3).
-7
Let r(h) = 5 + 0*h - 2*h + h. Let b = 108 - 104. Calculate r(b).
1
Let c(u) = -7*u**2 + u - 5. Let m(q) = -20*q**2 + 4*q - 14. Let l(t) = -17*c(t) + 6*m(t). What is l(5)?
11
Let s(b) = -6*b + b**2 - 45*b**3 - 4 + 44*b**3 + 5*b**2. Calculate s(5).
-9
Let x = 69 - 70. Suppose -7 + 1 = -3*y. Let u(v) = -2*v - v**2 - 1 + 6*v**y - 2*v**2. Calculate u(x).
4
Let c(l) = -l + 1. Let s(r) = 6*r - 1. Let x be 36/(-15) + 2/5. Let z(u) = x*c(u) - s(u). Give z(-1).
3
Let c = 45 + -42. Let i(p) = -p**2 - 7*p - 3. Let y be i(-6). Let h(v) = -y + v + 2 + c. Calculate h(-4).
-2
Let t(l) = l**2 + l + 12. Let v(m) = m**2 + 15*m. Let j be v(-15). Give t(j).
12
Let j = -16 - -26. Suppose 0 = h - 3*l - 10, -h + j = -l - l. Let x be 4/h + (-6)/(-10). Let n(b) = 2*b**2. What is n(x)?
2
Let g(n) = -13*n**3 - 2*n**2 + 2*n + 1. Let a be g(-1). Let r(h) = -h**3 + 9*h**2 + 12*h - 12. Determine r(a).
8
Let f(s) = s**2 + 7*s + 1. Let c(g) = g. Let x(z) = 5*c(z) - f(z). Suppose 2 = o + o - 3*y, 5*y = -4*o - 18. Determine x(o).
-1
Let l = -39 - -41. Let a(g) = -3*g**2 + 13*g - 7. Let p(z) = -z**2 + 4*z - 2. Let n = 6 + -13. Let b(i) = n*p(i) + 2*a(i). Determine b(l).
0
Let m = 8 + -5. Let y be (-7)/21 + 1/3. Suppose -m*f + f = y. Let g(j) = j**2 + j - 6. Calculate g(f).
-6
Let f be (3/(-12))/(1/(-4)). Let z(m) = f - m**3 + 3*m - 3*m**2 + 4*m**2 + 1 - 2*m**2. Give z(-2).
0
Let q(t) = t**2 - t - 2. Suppose 4*l + 6 = -2*h + h, 3*h - 3*l = -3. What is q(h)?
4
Let b(v) = v**2 - v - 1. Let x(q) = -q + 3. Let u be x(4). Let n(h) = 2*h**2 + 4*h - 8. Let j(c) = u*n(c) + 3*b(c). Suppose -14*i - 12 = -68. Determine j(i).
-7
Let h(q) = -15 + 16 + 6*q**3 + q**2 + 2*q**3 - 3*q**2. Let u(r) = -2*r - 1. Let a be u(-1). Calculate h(a).
7
Let t(y) = -y**2 - 2*y + 1. Let o be 1/3 + (-20)/6. Calculate t(o).
-2
Let d(q) = -19*q - 17. Let u be d(-1). Let l(n) = n - 3. What is l(u)?
-1
Let f(g) = 9*g**2 - 7*g + 1. Let m(k) = 8*k**2 - 6*k + 1. Let p(j) = 6*f(j) - 7*m(j). Let w = 6 - 3. Let u be 3 + (-12)/(0 + w). Determine p(u).
-3
Let o(h) = -h**3 - 7*h**2 - 5*h + 7. Suppose 10 = 3*f - 2*f. Let z(w) = -w**3 + 11*w**2 - 11*w + 4. Let c be z(f). What is o(c)?
1
Let d(f) = 4*f - 17*f**2 - 5*f - f**3 + 13*f**2 - 2. Calculate d(-2).
-8
Let b(n) = -n**3 + 4*n**2 - 3. Suppose 7 = -2*o - 3*r, 5*o + 3*r = -2*r - 5. What is b(o)?
-3
Let t(m) = -m**3 - 5*m**2 - m - 5. Let u(f) = 5*f + 7. Let g(v) = 9*v + 14. Let a(w) = 3*g(w) - 5*u(w). Let r be a(-6). What is t(r)?
0
Suppose 4*j - 30 = 2*m - 6, -2*j = 5*m + 12. Suppose n + 6 = j*n. Let i(f) = 0*f**3 + 0*f + f**3 + 0*f**3 + f - 5*f**n. Calculate i(4).
-12
Let l(p) be the first derivative of -p**2 + 2*p - 8. Calculate l(-3).
8
Let x(l) = l**2 - 11*l + 1. Let i(a) = 3*a**2 - 35*a + 3. Let h(b) = -2*i(b) + 7*x(b). Let t = -2 - -2. Suppose 3*k - 5 + t = -4*q, 3*q + 4*k = -5. Give h(q).
-9
Let l(h) = -11*h**3 + h**2 - 12*h + 17. Let w(p) = 5*p**3 - p**2 + 6*p - 8. Let q(y) = 4*l(y) + 9*w(y). Give q(4).
4
Let u = -50 + 45. Let o(m) = 3*m - 1. Determine o(u).
-16
Let h(v) = -v**3 - 8*v**2 + 5. Let w be h(-8). Let x = w - 6. Let y(b) = 2*b**2. What is y(x)?
2
Let n(g) = 3*g**3 + 2*g - 1. Let d be 0 + 1 + -1 + 5. Let r = -2 + d. Suppose -2*k - 6 = -s - r*s, -3*k - 3*s + 9 = 0. Give n(k).
4
Suppose -3*c - 6 + 5 = 5*u, -2*u = c. Let a(o) = o**2 + 8*o + 3. Let g be a(-8). Let h(n) = -8*n**3 + n**2 + 0*n**3 - 2*n + 2*n**3 + 7*n**g - 2. Give h(c).
-2
Let q(d) = 6*d + 7. Let v(p) = 7*p + 8. Let k(m) = -6*q(m) + 5*v(m). Calculate k(-5).
3
Let a = -3 - -6. Let x(q) = -1 + 2*q**2 - 3 - a*q - 2*q. What is x(4)?
8
Let j(w) = -2*w - 7 + 12*w**2 + 1 + 7 - 4*w**2. Determine j(1).
7
Let h(j) = j**3 + 3*j**2 - 5*j - 2. Let r be (2/(-4))/(4/(-40)). Suppose 2*l = -r*w + w, -5*l = 5*w + 10. Give h(l).
2
Let h(a) be the second derivative of -3*a + 0*a**2 + 0 + 1/12*a**4 - a**3. Give h(5).
-5
Let s(k) = -k**3 - 4*k**2 + 5*k - 3. Let g be s(-5). Let a = 4 + g. Let c(z) = a - z**2 - 5 + 0 - 6*z. Calculate c(-5).
1
Let j(k) = 9 - 2*k + 1 - 15. Determine j(-5).
5
Let i(o) = -5 + 4 - o + 2*o. Calculate i(-2).
-3
Let w(h) = 3*h - 6. Let m = -2 + 2. Suppose m*u + 3*g - 3 = 3*u, -2*u + 18 = 3*g. Suppose u*l = 3*j, 24 = 5*l - 0*j + j. Calculate w(l).
6
Let p(l) = l**2 - 1 + l**2 - 5*l**2 + 0*l**2. Give p(-1).
-4
Let m(n) = -2*n**2 - 2*n + 9. Let r(t) = -t**2 + t + 1. Let o(v) = m(v) - 3*r(v). Suppose -4*b + 9 + 7 = 0. Calculate o(b).
2
Let h(q) = -5*q. Suppose 5*m + n = 0, m = -2*m - 3*n. Suppose 3*f - f - 2 = m. Give h(f).
-5
Let n be -6*(200/(-12))/5. Suppose -3*a + n = -7*a. Let g(f) = -f**3 - 4*f**2 + 7*f - 1. Calculate g(a).
-11
Let b(l) = -10*l - 5. Let p(w) = -2*w - 1. Suppose -x = -4*r + 4*x - 28, -r + 4*x - 18 = 0. Let t(c) = r*b(c) + 11*p(c). Determine t(-5).
9
Let q(h) = h + 8. Let k(c) = c + 14. Let u be k(-10). Suppose -2*y + 10 = u*r, -y + 5 = 2*r - 5*r. Give q(r).
8
Let p(l) = l**2 + l - 6. Let j = -14 - -14. Calculate p(j).
-6
Let o be (-8)/(-3) + 4/12. Suppose 3*n - 3 = o*h - 6, -h = -2*n - 3. Let a(g) = -g**3 - 3*g**2 - g. Calculate a(n).
-2
Let o(t) = 4*t**2 - t**3 + 2 - t + 2*t - 2. What is o(2)?
10
Let i(m) = -m**2 - 2*m + 2. Suppose -6*z - 95 = -z. Let g = -23 - z. Determine i(g).
-6
Suppose r - 5 = -2*q, r + 7*q - 11 = 3*q. Let n = 0 + r. Let c(y) be the first derivative of y**4/4 + y**2 + y - 18. Calculate c(n).
-2
Let h(k) = -36 - 4*k**2 + 0*k**2 + k + 11 + 21 - k**3. Give h(-4).
-8
Let x be -1 + 1 + 4 - -3. Let g(w) = -w - 5. Give g(x).
-12
Let y(z) = -4*z. Let j be 17/4 - 6/24. Suppose j - 2 = -a. Calculate y(a).
8
Let q(v) = 2*v + 9. Let o be q(-6). Let g(a) = -a**2 - a - 2. Determine g(o).
-8
Let m(s) = s + 1. Let n(x) = 6 - 4 - 4 - 2*x**2 - 3*x. Let f be n(-2). Let j(y) = 2*y + 1. Let a(b) = f*j(b) + 3*m(b). Determine a(-1).
4
Suppose -68 = -3*m - 62. Let b(g) = -12*g + 3. Give b(m).
-21
Suppose -80 = 8*d - 3*d. Let y be 4/d - (-1)/4. Let s(g) = g**3 - 3*g + 5 + g + g + g**2. Determine s(y).
5
Let a(u) = -3*u**2 + 24*u + 11. Let c(d) = -d**2 + 8*d + 4. Let n(r) = -6*a(r) + 17*c(r). Calculate n(6).
-10
Let s(o) = -20*o + 14. Let v(z) = 7*z - 5. Let w(t) = 4*s(t) + 11*v(t). Let j be 4 + (-4*2 - -2). What is w(j)?
7
Let v(c) = -3*c**2 + 1 + c + 0*c + 4*c**3 + 1. Let j(m) = -3*m**3 + 3*m**2 - 1. Let o(i) = -3*j(i) - 2*v(i). Let p = 19 + -16. What is o(p)?
-7
Let d(p) be the third derivative of -p**4/24 - p**3/6 + p**2. Calculate d(5).
-6
Let n(u) = -u**2 - 8*u - 4. Let d(y) = -y - 1. Let l(z) = 4*d(z) - n(z). Let w be l(-4). Let j(p) be the second derivative of p**4/12 - 4*p**2 - p. Give j(w).
-8
Let f(q) = -6*q. Let s(m) = 4*m + 6. Let c = -11 - -8. Let t(u) = -11*u - 17. Let k(z) = c*t(z) - 8*s(z). Let y be k(-4). Calculate f(y).
6
Let j(l) = -l**3 - 2*l**2 - 2*l - 2. Suppose 1 = -2*f - a, 0*f - 4*f + 5*a = 23. Give j(f).
2
Suppose -13*v = -19*v. Let c(i) = i**2 - i + 2. Determine c(v).
2
Let d(r) = r - 1. Let o(h) = h**3 + 4*h**2 - 2*h + 8. Suppose -5 = -4*l - l. Let u(f) = l*o(f) + 6*d(f). Give u(-2).
2
Let a(r) = 11*r**3 + r**2 - 1. Let o be a(1). L